q(v) = v - 10. Calculate q(j).
-17
Let r(b) = -5*b + 2*b**2 - 2 + 6*b - 4*b. Suppose -2*c + 315 = 311. Calculate r(c).
0
Let s(u) = -u**2 - 210*u + 1074. Let r be s(5). Let j(c) = -1 + 6*c**2 - c**2 + 6*c**2. Calculate j(r).
10
Let j(b) = -b**2 - 22*b - 8. Let w be 43/(-2) - 4/(-6)*396/(-528). Give j(w).
-8
Let q(u) = -4*u**3 - u**2 + 2*u - 1. Let k(p) = -p**3 + 21*p**2 - p + 48. Let l be k(21). Suppose -36*x + 9 = -l*x. What is q(x)?
-4
Suppose 0 = 3*i + 2*m + 16, 14*i + 24 = 6*i - 3*m. Let q(a) = -a**3 - a + 34. Calculate q(i).
34
Let g(v) = -v**3 + 2*v**2 - 3*v + 2. Let w = -200 - -242. Suppose 15*o - w - 3 = 0. What is g(o)?
-16
Let t(f) = -21 + 7 - 27*f + 111*f - 85*f. Give t(11).
-25
Let r = 861 + -636. Suppose 19*p - r = 4*p. Let n(c) = c**3 - 16*c**2 + 15*c - 1. Give n(p).
-1
Let d(k) be the third derivative of k**5/60 - k**4/2 - 4*k**3/3 + 2640*k**2. Determine d(9).
-35
Suppose -10 = 2*x, 3*q - 3*x = -2*x + 17. Let g = q - -1. Suppose -g*b + 3 = -8*b. Let r(h) = -3*h**2 + 1. Determine r(b).
-2
Suppose -5 + 59 = 9*z. Suppose -3*m + 5*n = -22, -z + 18 = 3*m - 3*n. Let s(q) = -2*q - 1. Calculate s(m).
1
Let q(z) be the first derivative of 7*z - 1/2*z**2 - 36. Determine q(0).
7
Let l be (-878)/(-8) + 3 - 6/(-24). Let z = 109 - l. Let i(m) be the third derivative of m**5/60 + m**4/8 - 23*m**2. Give i(z).
4
Let c(z) = -8*z - 6. Let v(w) = 12*w + 9. Let x(k) = -8*c(k) - 5*v(k). Let n = 47 + -42. Suppose 3*y - 3*h - 1 = y, -3*h = -n*y - 11. Give x(y).
-13
Let x = 476 - 718. Let r = -249 - x. Let n(b) = -b - 6. Calculate n(r).
1
Let a = -23869 - -23860. Let w(p) = -p**2 - 15*p - 41. Give w(a).
13
Let u(k) = -2*k**3 + 25*k**2 - 11*k + 9. Suppose -2*a - 56*n = -58*n - 38, 4*n = -28. Give u(a).
21
Let m(l) be the third derivative of 1/8*l**4 + 1/12*l**5 + 1/120*l**6 + 0 + 2/3*l**3 + l - 277*l**2. Suppose a = k - 1, -a = -2*k - 0 - 2. Give m(k).
13
Let s(d) = -9*d + 60. Suppose -2*f + g + 5 - 2 = 0, 0 = 5*f - 2*g - 6. Determine s(f).
60
Suppose 0 = -b + 2*t + 2 + 5, t = b - 5. Suppose 0 = b*k - 13*v + 18*v + 1, v = -5. Let l(w) = w - 4. What is l(k)?
4
Let k(f) = 4*f**2 - 10*f + 20. Let a(r) = r**2 - 448*r - 1351. Let q be a(-3). Determine k(q).
16
Let y(n) be the first derivative of -n**3/3 + 5*n**2/2 + 4*n + 2. Let i be -64 - -73 - (4 - 1). Calculate y(i).
-2
Let a(t) = 8*t**3 - t**2 + 2*t + 1. Let y be (2/(-3))/(294/9 + -33). Calculate a(y).
65
Let f(o) = -o**2 - 16*o - 21. Suppose 0 = 3*d - 3*w + 42, -w - 52 = 2*d - 24. Determine f(d).
7
Let h(q) be the third derivative of 0*q + 113*q**2 + 0 - 1/6*q**3 + 5/12*q**4. What is h(2)?
19
Let q(f) be the first derivative of -3*f**4/4 - f**3/3 + 5*f**2/2 + 5*f - 2166. Give q(-1).
2
Let u(b) = -3955*b - 1 - 3967*b + 7917*b. Let q = 4 + -10. Give u(q).
29
Let m(l) be the first derivative of 2*l**2 + l**2 + 5*l**2 - 7*l**2 + 49 + l. Calculate m(1).
3
Let c(x) = -3*x + 2*x + 12*x**2 - 3 - 13*x**2. Let z be (-11)/((-22)/(-4)) + 4. Let k be (3 - (-4 - z*-5))*1. Calculate c(k).
-9
Suppose -2*o - 14 = 5*m + 2, 2*o - 8 = m. Let s(a) = 2*a**o - 3*a + a**3 + 1 + 4 + 0 - 3. Determine s(-3).
2
Let t(h) be the first derivative of 8*h**2 + 35*h + 10981. What is t(4)?
99
Let j(t) = 0*t + 1 + t**2 + 6*t + 2*t. Let a be 6 + 1/(-6*3/(-72)). Let d = 1 - a. What is j(d)?
10
Let b(l) = 70*l + 59. Let h(z) = -42*z - 31. Let a(q) = 4*b(q) + 7*h(q). Give a(-3).
61
Let z(y) = -6*y - 32. Let f = -2047 - -2036. What is z(f)?
34
Let v(f) = 3865 + 8*f - 17*f + 8*f - 3886. Determine v(-16).
-5
Let i(w) = -46*w + 17 + 13*w + 19*w + 14 + 13*w. What is i(-8)?
39
Let f be (-2 + 8/3)*((-378)/(-4))/21. Let w(i) be the third derivative of 0*i + 1/6*i**f + 0 - 12*i**2 - 1/24*i**4. What is w(-6)?
7
Let x(z) be the first derivative of -z**3/3 + 5*z**2 - 20*z - 1096. Determine x(6).
4
Let x = 4232 - 4235. Let b(o) = -5*o - 19. Calculate b(x).
-4
Let y(h) be the third derivative of h**6/360 + h**4/4 + 10*h**2. Let m(d) be the second derivative of y(d). Let i = -241 + 245. Determine m(i).
8
Suppose -6*p = -p. Let z(v) = -2 + p*v + v - 2 + 1. Let l = -44539 + 44534. Determine z(l).
-8
Let n(s) be the second derivative of -s**5/20 - 3*s**4/2 + s**2/2 - 1030*s. Give n(-18).
1
Suppose -1 = -3*j + 4*j. Let r be j + (-1)/(-1) - -1. Let k(w) = 7*w + 2 - 1 - 13*w + 6*w - 499*w**2 + 489*w**2. Give k(r).
-9
Let y(q) be the first derivative of 29*q**2 - 284*q - 1168. Determine y(5).
6
Let h(y) = -y**2 - 2*y + 41. Let w(x) = -7*x**3 + 3*x + 2. Let s be w(-1). Give h(s).
-7
Let y(l) = 3*l**2 - 4*l + 5. Suppose 1912*p - 1923*p = -44. Give y(p).
37
Let r(x) = -307*x - 919. Let f be r(-3). Let j(y) be the second derivative of y**4/12 + y**3/3 - y**2 + 15*y. Calculate j(f).
6
Let y be (-2)/10 + 136/(-20). Let u(a) = 13*a + 27. Let h(r) = -11*r - 23. Let k(n) = -7*h(n) - 6*u(n). Determine k(y).
6
Let u(x) be the second derivative of x**5/10 - x**4/6 + x**3/6 - x**2 - 25*x. Suppose 0 = 3*d - 25 - 5. Let k be ((-2)/5)/(d/(-50)). Calculate u(k).
8
Let c(f) = f + 2. Let r be c(-5). Let d(u) = 315 - 2*u + 11*u**2 - 311 + 13*u**2 - u**3 - 8*u**2 - 21*u**2. What is d(r)?
-8
Suppose 0 = 137*o - 128*o - 9. Let l(r) = r**3 - 5*r**2 + 5*r + 2. Let c be l(4). Let k(a) = 0 - 4 + 3 - 7*a - c*a. What is k(o)?
-14
Let m(j) = 6*j - 179. Let f be ((-168)/32 - 6)/(3/(-8)). Calculate m(f).
1
Let o(l) = -5*l**2 - 1579*l - 1582*l - 1557*l - 32 + 4673*l. Determine o(-8).
8
Let m(p) be the third derivative of -p**6/40 + p**5/30 - p**4/4 + p**3 + 857*p**2 + 2*p. Give m(3).
-75
Let x be (8/(-6))/((-40)/90). Suppose 2 = -2*n, -4*j - 45 = -x*j - 2*n. Let t = j - -41. Let q(i) = -3*i - 1. What is q(t)?
17
Let y(d) = -2*d**2 - d**2 + 2*d + 6*d + 1 - 3*d. Let s(i) = 7*i**2 - 9*i - 2. Let j(h) = -2*s(h) - 5*y(h). Determine j(6).
-7
Let n(d) be the second derivative of -11*d**4/24 - d**3/2 - 176*d**2 - 216*d. Let g(r) be the first derivative of n(r). Determine g(-1).
8
Let s(j) be the second derivative of -j**2 + 0 - 1/12*j**4 - 5/6*j**3 + 18*j. Let g(p) = -5*p - 30. Let u be g(-5). Calculate s(u).
-2
Suppose -o + 0 + 2 = 4*h, 51 = 3*o - 3*h. Suppose 5*x + 4 = o. Let v be 80/45 - x/(-9). Let w(b) = -6*b + 2. Determine w(v).
-10
Suppose -11*y + q - 56 = 0, -2*y + 10 - 21 = -q. Let u(w) = -7*w + 17. Determine u(y).
52
Suppose -3*z + 5*h + 25 = -8*z, -5*z - 23 = 3*h. Let f(y) = -16*y**3 - 4*y**2 + 5*y - 8. Let s(u) = u**3 + u**2 - u + 2. Let w(q) = z*s(q) - f(q). Give w(-1).
-11
Let f(r) = 1 - 7*r**2 - 2*r + 3*r**2 + 5*r**2 + 2*r**2. Let k = 98 + -96. What is f(k)?
9
Let f(p) = 2*p**2 - 15*p + 7. Let t(i) = 8*i**2 - 62*i + 34. Let a(d) = -13*f(d) + 3*t(d). What is a(5)?
6
Let w(l) be the first derivative of -l**6/360 - l**5/60 + l**4/3 + 9*l**3 + l**2 + 17. Let k(f) be the third derivative of w(f). Calculate k(-6).
-16
Let g(q) = -q + 2. Let b(t) = -2*t + 14. Let v(i) = b(i) - 6*g(i). Let w(c) = c**2 - c + 7. Let u be w(0). Give v(u).
30
Let k = -5196 + 5202. Let z(x) be the third derivative of 5*x**4/24 - 23*x**3/6 - x**2. Let c(g) = 2*g - 11. Let o(f) = k*z(f) - 13*c(f). Give o(4).
21
Suppose -24*v = -22*v - 70. Suppose 0 = v*z - 27*z - 48. Let s(u) = u**3 - 6*u**2 - 3*u + 9. What is s(z)?
-9
Let i = -279 - -284. Suppose -2*o = u, -i*u - 11 = -o - 0. Let w(p) = -3*p - 3. Calculate w(u).
3
Suppose 0 = -18*l + 10*l - 72. Let w(h) = -7*h**3 - 10*h**2 + h - 21. Let s(b) = -3*b**3 - 5*b**2 - 10. Let q(v) = l*s(v) + 4*w(v). Calculate q(6).
-6
Suppose 5*f - 6 + 1 = 0, 2*v = 5*f - 9. Let z(y) = y**3 + 3*y**2 - 2. Let o be z(-2). Let r(s) = 10*s**o + 667*s - 666*s - 7*s**2 - 2. Give r(v).
8
Let x(y) = -18900 + 18900 - 3*y**2 - y**3. Let k(u) = 2*u**3 + 6*u**2 - u + 1. Let m be 3*(16/(-6) - -1). Let p(b) = m*x(b) - 3*k(b). What is p(-4)?
1
Let p be (((-1000)/275)/20)/((-1)/44). Let y(c) = -c**2 + 12*c + 1. Give y(p).
33
Suppose 0 = 5*j + 25, -q + 2*j = 4*q + 350. Let m = -77 - q. Let t(c) = 2*c**2 + 9*c - 7. Let w be t(m). Let l(r) = -7*r - 3. Calculate l(w).
11
Let w be (20/(-15))/((-86)/(-129)). Suppose -5*h + 4*h + 3 = 0. Let j(k) = 1 + 0*k - 4*k**2 + 4*k**2 - k**3 - k - h*k**2. Determine j(w).
-1
Let n(g) be the first derivative of -g**4/4 + 2*g**3/3 - 3*g**2/2 + 2*g - 3. Suppose 0 = -5*l - 45, -567*l + 570*l + 29 = 2*u. Determine n(u).
0
Suppose -5*n = -n - 24. Let t(u) = -2*u + 5 + 3*u + 2*u + 